8231 is divided by 20939?
150
Calculate the remainder when 28565 is divided by 989.
873
Calculate the remainder when 946613 is divided by 129.
11
Calculate the remainder when 955371524 is divided by 456.
452
What is the remainder when 670900 is divided by 222204?
4288
Calculate the remainder when 139369 is divided by 17.
3
What is the remainder when 50653138 is divided by 132?
118
What is the remainder when 144335300 is divided by 136?
132
Calculate the remainder when 7405719 is divided by 7197.
6
What is the remainder when 171499 is divided by 57132?
103
Calculate the remainder when 1340840 is divided by 148981.
11
What is the remainder when 1152086 is divided by 16?
6
What is the remainder when 5210215 is divided by 1155?
10
Calculate the remainder when 171351 is divided by 3472.
1223
Calculate the remainder when 42930069 is divided by 575.
569
What is the remainder when 3793466718 is divided by 61?
60
Calculate the remainder when 3717019 is divided by 75857.
26
What is the remainder when 134046 is divided by 26769?
201
What is the remainder when 14935927 is divided by 105?
97
What is the remainder when 3940182 is divided by 1313390?
12
Calculate the remainder when 767980 is divided by 4097.
1841
Calculate the remainder when 15565405 is divided by 2223606.
163
Calculate the remainder when 1951334 is divided by 163.
61
Calculate the remainder when 66970562 is divided by 6296.
10
Calculate the remainder when 305513597 is divided by 92.
89
Calculate the remainder when 553341 is divided by 2902.
1961
Calculate the remainder when 44597 is divided by 21771.
1055
What is the remainder when 209574 is divided by 818?
166
Calculate the remainder when 144079 is divided by 7577.
116
What is the remainder when 5824926 is divided by 51?
12
What is the remainder when 305253 is divided by 771?
708
Calculate the remainder when 167599 is divided by 3206.
887
Calculate the remainder when 10414268 is divided by 11649.
62
Calculate the remainder when 416478 is divided by 804.
6
What is the remainder when 401232 is divided by 429?
117
What is the remainder when 1478361 is divided by 184794?
9
What is the remainder when 9711693 is divided by 14324?
21
What is the remainder when 89599 is divided by 4?
3
What is the remainder when 1315039 is divided by 7?
5
What is the remainder when 30299 is divided by 5018?
191
Calculate the remainder when 29401557 is divided by 1721.
1714
Calculate the remainder when 338228 is divided by 3484.
280
What is the remainder when 277263 is divided by 1395?
1053
What is the remainder when 12121790 is divided by 19?
18
What is the remainder when 7310319 is divided by 464?
463
What is the remainder when 831188 is divided by 557?
144
What is the remainder when 252233 is divided by 10088?
33
Calculate the remainder when 6064536 is divided by 33.
27
What is the remainder when 1718986 is divided by 12?
10
Calculate the remainder when 2026804 is divided by 311.
17
What is the remainder when 255133 is divided by 220?
153
Calculate the remainder when 29009710 is divided by 124505.
45
What is the remainder when 3634928 is divided by 1865?
43
What is the remainder when 849970 is divided by 424980?
10
Calculate the remainder when 344777 is divided by 86180.
57
Calculate the remainder when 36261628 is divided by 930.
928
Calculate the remainder when 149144208 is divided by 26.
18
Calculate the remainder when 468581 is divided by 871.
854
Calculate the remainder when 116478 is divided by 1121.
1015
Calculate the remainder when 7216428 is divided by 1148.
100
What is the remainder when 48115934 is divided by 27?
17
Calculate the remainder when 543529 is divided by 526.
171
What is the remainder when 2430 is divided by 849?
732
What is the remainder when 17350745 is divided by 45540?
5
What is the remainder when 2423243 is divided by 112?
11
What is the remainder when 16773 is divided by 1438?
955
What is the remainder when 1549047 is divided by 15806?
59
Calculate the remainder when 2951753 is divided by 63.
14
What is the remainder when 85562693 is divided by 732?
677
What is the remainder when 2976666 is divided by 165370?
6
What is the remainder when 3316651 is divided by 84?
79
Calculate the remainder when 1384946 is divided by 350.
346
Calculate the remainder when 4379331 is divided by 163.
10
Calculate the remainder when 456512 is divided by 152023.
443
Calculate the remainder when 41433 is divided by 38419.
3014
Calculate the remainder when 162537 is divided by 54076.
309
What is the remainder when 11166566 is divided by 23?
20
Calculate the remainder when 889965 is divided by 7006.
203
Calculate the remainder when 403292 is divided by 4197.
380
Calculate the remainder when 1338551 is divided by 33461.
111
What is the remainder when 91478 is divided by 222?
14
Calculate the remainder when 7227048 is divided by 19.
18
Calculate the remainder when 46582149 is divided by 31.
30
What is the remainder when 130924135 is divided by 43641355?
70
Calculate the remainder when 28578878 is divided by 506.
504
Calculate the remainder when 100716 is divided by 100350.
366
What is the remainder when 87945783 is divided by 1056?
1047
Calculate the remainder when 3450974 is divided by 17084.
6
Calculate the remainder when 73758 is divided by 7931.
2379
Calculate the remainder when 1233188 is divided by 365.
218
What is the remainder when 982131 is divided by 1142?
11
Calculate the remainder when 743662 is divided by 43738.
116
What is the remainder when 69686 is divided by 135?
26
Calculate the remainder when 36352725 is divided by 6732.
6657
What is the remainder when 12631496 is divided by 63?
59
What is the remainder when 18813981 is divided by 2146?
2145
What is the remainder when 239010 is divided by 2535?
720
What is the remainder when 228459 is divided by 1098?
75
What is the remainder when 9213266 is divided by 140?
6
Calculate the remainder when 947876 is divided by 100.
76
Calculate the remainder when 205208486 is divided by 145.
136
What is the remainder when 1503 is divided by 344?
127
What is the remainder when 318014 is divided by 1544?
1494
What is the remainder when 1244560 is divided by 2172?
4
What is the remainder when 102575 is divided by 25535?
435
Calculate the remainder when 20476 is divided by 6013.
2437
What is the remainder when 771457 is divided by 4704?
1
Calculate the remainder when 1850106 is divided by 42.
6
What is the remainder when 345158 is divided by 590?
8
Calculate the remainder when 37162994 is divided by 26061.
8
Calculate the remainder when 20334768 is divided by 3026.
48
Calculate the remainder when 6157080 is divided by 172.
168
What is the remainder when 198360 is divided by 768?
216
Calculate the remainder when 1947818 is divided by 45.
38
What is the remainder when 1744586 is divided by 1586?
1572
Calculate the remainder when 44132524 is divided by 22066252.
20
Calculate the remainder when 18155527 is divided by 63.
61
What is the remainder when 627912 is divided by 625666?
2246
Calculate the remainder when 50233 is divided by 5022.
13
What is the remainder when 230109 is divided by 15996?
6165
What is the remainder when 12542446 is divided by 46?
40
Calculate the remainder when 290931 is divided by 6188.
95
Calculate the remainder when 8869629 is divided by 347.
309
What is the remainder when 8610 is divided by 2162?
2124
Calculate the remainder when 58894914 is divided by 12.
6
What is the remainder when 1456236 is divided by 978?
972
Calculate the remainder when 57216929 is divided by 1648.
17
What is the remainder when 37203 is divided by 1226?
423
Calculate the remainder when 2162090 is divided by 47.
43
Calculate the remainder when 15182937 is divided by 75163.
11
Calculate the remainder when 62623 is divided by 2020.
3
What is the remainder when 14943131 is divided by 53?
46
What is the remainder when 166525 is divided by 33286?
95
Calculate the remainder when 46944 is divided by 46761.
183
What is the remainder when 329467 is divided by 1431?
337
Calculate the remainder when 2619251 is divided by 79370.
41
Calculate the remainder when 555266 is divided by 669.
665
What is the remainder when 4017281 is divided by 50?
31
Calculate the remainder when 1070203 is divided by 1696.
27
Calculate the remainder w